is divided by 22?
21
What is the remainder when 571 is divided by 182?
25
What is the remainder when 70487 is divided by 53?
50
Calculate the remainder when 17 is divided by 6.
5
Calculate the remainder when 95 is divided by 33.
29
What is the remainder when 1007 is divided by 207?
179
Calculate the remainder when 4751 is divided by 88.
87
Calculate the remainder when 1645 is divided by 820.
5
Calculate the remainder when 8684 is divided by 119.
116
What is the remainder when 24108 is divided by 57?
54
What is the remainder when 226 is divided by 66?
28
Calculate the remainder when 973 is divided by 118.
29
What is the remainder when 695 is divided by 130?
45
What is the remainder when 282 is divided by 97?
88
What is the remainder when 130 is divided by 6?
4
Calculate the remainder when 1076 is divided by 83.
80
Calculate the remainder when 4835 is divided by 283.
24
Calculate the remainder when 221 is divided by 28.
25
What is the remainder when 351 is divided by 35?
1
Calculate the remainder when 1473 is divided by 122.
9
What is the remainder when 331 is divided by 15?
1
What is the remainder when 71 is divided by 27?
17
What is the remainder when 39 is divided by 22?
17
What is the remainder when 4277 is divided by 237?
11
Calculate the remainder when 1018 is divided by 30.
28
What is the remainder when 197 is divided by 137?
60
Calculate the remainder when 102 is divided by 28.
18
Calculate the remainder when 1191 is divided by 132.
3
What is the remainder when 695 is divided by 24?
23
What is the remainder when 190 is divided by 8?
6
What is the remainder when 162 is divided by 15?
12
Calculate the remainder when 26714 is divided by 13.
12
What is the remainder when 1194 is divided by 57?
54
Calculate the remainder when 184 is divided by 92.
0
What is the remainder when 150 is divided by 80?
70
What is the remainder when 240 is divided by 9?
6
What is the remainder when 510 is divided by 16?
14
Calculate the remainder when 7266 is divided by 40.
26
Calculate the remainder when 2092 is divided by 9.
4
Calculate the remainder when 299 is divided by 104.
91
What is the remainder when 235 is divided by 9?
1
Calculate the remainder when 219 is divided by 59.
42
What is the remainder when 671 is divided by 25?
21
Calculate the remainder when 638 is divided by 92.
86
What is the remainder when 1078 is divided by 42?
28
What is the remainder when 2631 is divided by 85?
81
Calculate the remainder when 27 is divided by 2.
1
Calculate the remainder when 1017 is divided by 15.
12
Calculate the remainder when 105 is divided by 44.
17
Calculate the remainder when 173 is divided by 38.
21
What is the remainder when 91 is divided by 49?
42
Calculate the remainder when 400 is divided by 91.
36
Calculate the remainder when 575 is divided by 32.
31
What is the remainder when 31 is divided by 11?
9
Calculate the remainder when 1074 is divided by 179.
0
Calculate the remainder when 275 is divided by 38.
9
What is the remainder when 67 is divided by 9?
4
What is the remainder when 237 is divided by 64?
45
Calculate the remainder when 214 is divided by 73.
68
What is the remainder when 1407 is divided by 54?
3
Calculate the remainder when 513 is divided by 33.
18
Calculate the remainder when 1907 is divided by 1893.
14
What is the remainder when 430 is divided by 55?
45
What is the remainder when 215 is divided by 40?
15
Calculate the remainder when 543 is divided by 6.
3
Calculate the remainder when 49 is divided by 28.
21
What is the remainder when 1478 is divided by 74?
72
What is the remainder when 109 is divided by 39?
31
What is the remainder when 628 is divided by 166?
130
What is the remainder when 444 is divided by 112?
108
Calculate the remainder when 823 is divided by 8.
7
Calculate the remainder when 1892 is divided by 5.
2
What is the remainder when 322 is divided by 3?
1
What is the remainder when 220 is divided by 17?
16
Calculate the remainder when 327 is divided by 279.
48
What is the remainder when 111 is divided by 57?
54
Calculate the remainder when 56 is divided by 23.
10
Calculate the remainder when 101 is divided by 51.
50
What is the remainder when 8456 is divided by 141?
137
What is the remainder when 375 is divided by 43?
31
What is the remainder when 80 is divided by 41?
39
Calculate the remainder when 4594 is divided by 63.
58
Calculate the remainder when 9567 is divided by 92.
91
What is the remainder when 116 is divided by 59?
57
What is the remainder when 393 is divided by 43?
6
Calculate the remainder when 1911 is divided by 87.
84
What is the remainder when 164 is divided by 68?
28
Calculate the remainder when 128 is divided by 34.
26
What is the remainder when 1050 is divided by 4?
2
What is the remainder when 269 is divided by 54?
53
What is the remainder when 16339 is divided by 5?
4
Calculate the remainder when 218 is divided by 19.
9
What is the remainder when 24 is divided by 24?
0
What is the remainder when 101 is divided by 21?
17
Calculate the remainder when 216 is divided by 109.
107
What is the remainder when 15324 is divided by 117?
114
Calculate the remainder when 9392 is divided by 25.
17
Calculate the remainder when 153 is divided by 26.
23
What is the remainder when 148 is divided by 36?
4
Calculate the remainder when 381 is divided by 110.
51
Calculate the remainder when 112 is divided by 30.
22
What is the remainder when 11 is divided by 9?
2
Calculate the remainder when 229 is divided by 33.
31
What is the remainder when 140 is divided by 31?
16
What is the remainder when 140 is divided by 44?
8
Calculate the remainder when 18829 is divided by 11.
8
What is the remainder when 3072 is divided by 1023?
3
What is the remainder when 50 is divided by 26?
24
Calculate the remainder when 1088 is divided by 358.
14
Calculate the remainder when 1055 is divided by 16.
15
What is the remainder when 165 is divided by 86?
79
Calculate the remainder when 118 is divided by 19.
4
Calculate the remainder when 3159 is divided by 43.
20
Calculate the remainder when 182 is divided by 6.
2
Calculate the remainder when 245 is divided by 57.
17
Calculate the remainder when 72 is divided by 10.
2
What is the remainder when 4534 is divided by 566?
6
What is the remainder when 1277 is divided by 142?
141
What is the remainder when 516 is divided by 20?
16
Calculate the remainder when 1622 is divided by 125.
122
What is the remainder when 162 is divided by 33?
30
What is the remainder when 349 is divided by 8?
5
Calculate the remainder when 22 is divided by 22.
0
Calculate the remainder when 3710 is divided by 6.
2
Calculate the remainder when 277 is divided by 131.
15
What is the remainder when 69 is divided by 61?
8
Calculate the remainder when 32177 is divided by 93.
92
What is the remainder when 123 is divided by 88?
35
What is the remainder when 46 is divided by 16?
14
What is the remainder when 91 is divided by 49?
42
Calculate the remainder when 10513 is divided by 15.
13
What is the remainder when 1506 is divided by 26?
24
Calculate the remainder when 905 is divided by 186.
161
Calculate the remainder when 319 is divided by 107.
105
What is the remainder when 290 is divided by 59?
54
Calculate the remainder when 71 is divided by 18.
17
Calculate the remainder when 217 is divided by 9.
1
Calculate the remainder when 6395 is divided by 52.
51
Calculate the remainder when 643 is divided by 205.
28
What is the remainder when 1012 is divided by 337?
1
Calculate the remainder when 288 is divided by 133.
22
What is the remainder when 2077 is divided by 16?
13
What is the remainder when 1178 is divided by 108?
98
Calculate the remainder when 120 is divided by 8.
0
Calculate the remainder when 523 is divided by 23.
17
What is the remainder when 1519 is divided by 113?
50
Calculate the remainder when 8312 is divided by 163.
162
Calculate the remainder when 131 is divided by 5.
1
What is the remainder when 2018 is divided by 2017?
1
What is the remainder when 528 is divided by 125?
28
What is the remainder when 3102 is divided by 219?
36
What is the remainder when 1036 is divided by 6?
4
Calculate the remainder when 74 is divided by 15.
14
Calculate the remainder when 97 is divided by 14.
13
Calculate the remainder when 121 is divid